s the remainder when (29550/(-225))/(2/15)*9/(-15) is divided by q?
73
Suppose -16*y = -20*y + 196. Let v(d) = -36*d - 11. Calculate the remainder when v(-7) is divided by y.
45
Suppose 269*j - 268*j + 5*g - 384 = 0, 2*j = 3*g + 781. What is the remainder when 1327 is divided by j?
160
Suppose 11*b = 47*b - 15695 - 757. Calculate the remainder when b is divided by 175.
107
Suppose 19*m - 484 + 180 = 0. Calculate the remainder when 59 is divided by (15/12)/(2/m*1).
9
Calculate the remainder when 2481 is divided by 11/((-33)/(-456)) - 14.
135
Suppose c = -12*t + 68, -2*t + 17 = 4*c - 5*t. What is the remainder when 3503 is divided by c?
7
Calculate the remainder when 583 is divided by (3/(-18) + (-1463)/(-66))*7.
121
Let h(x) = -x**3 - 5*x - 14. Let p = 98 + -101. Let i be h(p). Suppose i*f + 500 = 33*f. What is the remainder when f is divided by 26?
22
Let o be (24/40)/(1591/530 + -3). Let g = -281 + o. Calculate the remainder when 51 is divided by g.
14
Let s(k) = 83*k - 23. Let n be s(1). Suppose -18*d + 3*d = -n. What is the remainder when 73 is divided by d?
1
Let q(r) = r**3 + 29*r**2 - 25*r + 187. Suppose -4*w - 50 = 4*v + 74, -5*v = -2*w - 55. What is the remainder when 88 is divided by q(w)?
14
Let a(s) = 7*s**2 - 202*s + 111. What is the remainder when a(31) is divided by 62?
18
Let o = -3961 + 4019. What is the remainder when 215 is divided by o?
41
What is the remainder when 1748*(99/18 + -4) is divided by 125?
122
Let j(u) = 4*u + 12. Let s be j(-2). Let t(h) = 4*h - 3*h**2 + s*h**2 - 1 - 7 - 3*h. Calculate the remainder when 41 is divided by t(4).
5
Let l(c) = -174*c - 342. What is the remainder when l(-5) is divided by 134?
126
Let u(b) be the first derivative of b**3/3 - 11*b**2/2 - 9*b + 1. Suppose 7*p - 496 = 131*p. What is the remainder when u(p) is divided by 26?
25
What is the remainder when 956 is divided by (-2)/8 - (5/4 - (-14310)/(-212))?
32
Let d(n) = -5*n**3 - 247*n**2 - 101*n + 102. Calculate the remainder when d(-49) is divided by 118.
13
Suppose k - 41 = 5*t, 5*k - t = 192 - 59. Calculate the remainder when (180/240 - 1/2)*108 is divided by k.
1
Suppose 10*i + 5*i - 6*i = 999. Calculate the remainder when 490 is divided by i.
46
Let w = 3393 - 3337. What is the remainder when w is divided by 28?
0
Suppose 125*x - 8648 = 102*x. What is the remainder when x is divided by 64?
56
Suppose 4236 = 64*f + 1708 - 2784. Let a = 29 + 14. What is the remainder when f is divided by a?
40
Suppose -2*g - 132 = -4*l, 123 - 287 = -3*l - 5*g. Let a = 125 + -58. Calculate the remainder when a is divided by l.
29
Let y be 8/(-5)*9/(18/(-5)). Suppose 0 = 4*s - 2*l + 5*l + 208, s + y*l + 52 = 0. Calculate the remainder when 14 is divided by ((-10)/(-8))/((-13)/s).
4
Let a(d) = -104*d + 1374. Calculate the remainder when a(-4) is divided by 892.
6
Let q be (-2)/(4 - (-114)/(-27)). Let t(k) = k**3 + 7*k - 5*k + 8 + 6*k**2 - q*k. Calculate the remainder when 21 is divided by t(-7).
5
Suppose 0 = -59*g - 582 + 1526. Calculate the remainder when 382 is divided by g.
14
Let h be 3 - (4 - 7/2)*-2. What is the remainder when (-3)/h*-2*8 is divided by 8?
4
Let g = -19944 + 33469. Calculate the remainder when g is divided by 38.
35
Let x(v) be the second derivative of -v**4/4 + 23*v**3/2 + 31*v**2/2 + 39*v - 2. Calculate the remainder when x(22) is divided by 33.
31
Let r be ((-396)/45)/(0 - 6/345). Suppose -r*z = -509*z + 108. What is the remainder when z is divided by 24?
12
Let w(z) = 93*z**2 + 72*z + 21. Suppose 3*m - 270 = 2*j - j, -m + 100 = 3*j. What is the remainder when m is divided by w(-1)?
7
Let p be (168/(-35))/6 + 29/5. Suppose 2*k + 44 = a, -p*a + 19*k = 23*k - 178. Calculate the remainder when a is divided by 8.
6
Suppose 4*k - 440 + 96 = 0. Suppose 3*l - 264 = 5*f, 0 = 3*l + 3*f - 350 + k. Suppose l - 16 = 4*w. What is the remainder when 52 is divided by w?
16
Let a = -32 + 30. Let o be (1/a)/(11/220). Let d(r) = -r**2 - 13*r - 9. Calculate the remainder when d(o) is divided by 8.
5
Suppose 4*z = 2*m - 24, -7*z = 2*m - 5*z. Suppose 0 = m*k + 5*h - 165, 3*k - 5*h - 100 = -4*h. Calculate the remainder when 208 is divided by k.
33
Let n(g) = 4*g**3 + 255*g - 3*g**2 - 250*g - 10*g**3 + 2. What is the remainder when n(-4) is divided by 80?
78
Let y be 21/35*(-1 + 6). Let u(h) be the second derivative of 8*h**3/3 + h**2/2 + 3*h. Calculate the remainder when u(y) is divided by 4.
1
Let m = -68 + 67. What is the remainder when 0 + -3 + 79 + -1 is divided by (0 + (-95)/5)*m?
18
Let f = -24657 - -24726. Calculate the remainder when 278 is divided by f.
2
Suppose -6*i + 255 = -99. Let x = i + -62. What is the remainder when 31 is divided by 6 - (x + 4 + -2)?
3
Suppose -5*m + 25*n - 20*n = -155, 4*m = -5*n + 151. Calculate the remainder when 1327 is divided by m.
1
Let h(j) = -j**3 - 20*j**2 - 29*j - 144. What is the remainder when 1083 is divided by h(-19)?
25
Let y(h) = 162*h + 6939. Calculate the remainder when 19007 is divided by y(-41).
296
Calculate the remainder when 0 + (-15 - -4131)/14 is divided by 284.
10
Let z(d) = d + 73. Calculate the remainder when 222 is divided by z(13).
50
Let t = 19430 - 18665. Calculate the remainder when t is divided by 106.
23
Let i = -17844 - -17894. Calculate the remainder when i is divided by ((-2)/4)/(9/(-702)).
11
Let s be 1/(-2)*(-1 - (1 + 2)). Suppose -32 = i - m, 0 = -4*i - i + s*m - 163. Calculate the remainder when 45 is divided by i*(66/18 - 4).
1
Suppose -4*u + 2*u + 84 = 0. Suppose -335*g - 1168 = 5702 - 31325. Calculate the remainder when g is divided by u.
31
Suppose 0 = 15*l - 18*l - 75. Let y = l - -25. Suppose 3*s - n - 47 = y, -2*s + 3*n + 0*n = -29. What is the remainder when 46 is divided by s?
14
Suppose -29*k + 451 - 177 + 567 = 0. Calculate the remainder when 16672 is divided by k.
26
Let g(b) be the first derivative of b**4/4 - 2*b**3/3 + 2*b**2 - 4*b + 67. What is the remainder when 349 is divided by g(4)?
41
Let q(k) = 49*k**2 - k + 1. Let j = -316 + 459. Calculate the remainder when j is divided by q(1).
45
Let h = 1288 + -900. What is the remainder when h is divided by 27?
10
Let k be (-5 - (2 + -7))*1/2. Suppose 14*b - 51*b + 1073 = k. What is the remainder when 55 is divided by b?
26
Suppose -10*y = -3*y. Suppose y = 4*p + x - 5*x - 76, 12 = -3*x. What is the remainder when 21 is divided by p?
6
Suppose -s + 21 = -o, -15*s + 17*s = 5*o + 60. Calculate the remainder when 5188 is divided by s.
13
Let p(v) = 2*v**2 + 4*v + 2. Suppose -d + 2*h + 29 = 0, 4*d = 7*d - 4*h - 95. Suppose -d*o = -30*o - 63. Calculate the remainder when o is divided by p(-2).
1
Suppose 3*c - 3*b - 321 = 0, 2*b - 1 = -9. Let x be (1219/115)/(2/10). Suppose 3*z = -29 + x. What is the remainder when c is divided by z?
7
Let s(h) = 2*h**3 + 9*h**2 - 7*h. Let d(o) = 8*o - 157. Let l be d(19). What is the remainder when 18 is divided by s(l)?
8
Let v = -6993 - -7655. What is the remainder when v is divided by 8?
6
Let m = 23375 - 20446. Calculate the remainder when m is divided by 974.
7
Let a be 6*6/72*-58. Let d = 20 - a. What is the remainder when 195 is divided by d?
48
Let s = -1039 + 781. Suppose -a + 0*a = 4*l + 86, -4*l = 5*a + 94. What is the remainder when 108 is divided by 14/l - s/9?
24
What is the remainder when 6099 is divided by 80/(-30)*150/(-20)?
19
Suppose -279 = 5*c - 27*c + 183. What is the remainder when 13145 is divided by c?
20
Suppose -911*r + 4692 = -1796*r + 908*r. Let y = 83 - 42. Calculate the remainder when r is divided by y.
40
Suppose 0 = 5*v + 3*o - 121, v - 61 = -2*v + 4*o. Let r = 179 + -71. Calculate the remainder when r is divided by v.
16
Suppose 27 = 5*i - 2*i. Let t = -1160 - -1180. Calculate the remainder when t is divided by i.
2
Suppose -3*m + 30 = 2*m. Let p = -4 + m. Suppose -p*c + 104 = 2*c. Calculate the remainder when c is divided by 9.
8
Let m be -58*(158/(-8))/(8/(-16)). Let n = -1346 - m. Suppose c = 10*c - n. Calculate the remainder when c is divided by 27.
24
Suppose -m - 21 = -3*j + 2*m, -5*m - 8 = 4*j. Suppose o = j*f - 759, 376 = 2*f + 2*o - 122. What is the remainder when f is divided by 85?
82
Suppose 0 = 8*a + 237 - 597 - 4664. What is the remainder when a is divided by 47?
17
Suppose -437*k + 433*k = -o - 1241, -2*k + 616 = -2*o. Calculate the 